2017: Jan | Feb | Mar | Apr | May | Jun | Jul | Aug | Sep | Oct | Nov | Dec 
2016: Jan | Feb | Mar | Apr | May | Jun | Jul | Aug | Sep | Oct | Nov | Dec 
2015: Jan | Feb | Mar | Apr | May | Jun | Jul | Aug | Sep | Oct | Nov | Dec 
2014: Jan | Feb | Mar | Apr | May | Jun | Jul | Aug | Sep | Oct | Nov | Dec 
2013: Jan | Feb | Mar | Apr | May | Jun | Jul | Aug | Sep | Oct | Nov | Dec 
2012: Jan | Feb | Mar | Apr | May | Jun | Jul | Aug | Sep | Oct | Nov | Dec 
2011: Jan | Feb | Mar | Apr | May | Jun | Jul | Aug | Sep | Oct | Nov | Dec 
2010: Jan | Feb | Mar | Apr | May | Jun | Jul | Aug | Sep | Oct | Nov | Dec 

Report for 2017 11
MONTHLY CLIMATOLOGICAL SUMMARY for NOV. 2017 NAME: arcturan CITY: Greendale STATE: WI ELEV: 807 ft LAT: 42 56' 28" N LONG: 87 58' 56" W TEMPERATURE (F), RAIN (in), WIND SPEED (mph) HEAT COOL AVG MEAN DEG DEG WIND DOM DAY TEMP HIGH TIME LOW TIME DAYS DAYS RAIN SPEED HIGH TIME DIR ------------------------------------------------------------------------------------ 1 38.0 44.7 1:00p 32.2 12:30a 27.0 0.0 0.28 0.1 11.0 5:00p NW 2 44.5 48.3 2:00p 41.9 10:00p 20.5 0.0 0.01 0.5 11.0 11:30p W 3 40.2 43.9 12:00m 33.3 7:30a 24.8 0.0 0.00 0.6 14.0 1:30a WNW 4 44.0 45.5 4:30a 42.1 9:00a 21.0 0.0 0.16 0.5 10.0 4:00a NNE 5 45.1 50.3 3:00p 35.7 12:00m 19.9 0.0 0.01 0.2 14.0 11:00p W 6 35.2 41.9 2:30p 28.3 7:00a 29.8 0.0 0.00 0.1 11.0 1:30a NW 7 35.1 43.8 2:00p 25.2 12:00m 29.9 0.0 0.00 0.1 9.0 7:30a NW 8 32.9 44.8 3:00p 21.6 6:30a 32.1 0.0 0.00 0.0 8.0 9:30a SW 9 30.2 40.0 8:00a 15.9 12:00m 34.8 0.0 0.00 2.7 22.0 4:00p WSW 10 22.2 29.2 6:30p 13.0 6:00a 42.8 0.0 0.00 1.3 20.0 8:00p WNW 11 29.8 33.5 9:30p 24.0 3:00a 35.2 0.0 0.00 1.2 15.0 4:30a E 12 34.4 36.4 2:30p 29.3 12:00m 30.6 0.0 0.12 0.0 9.0 10:00a NW 13 33.5 42.3 3:00p 26.2 7:30a 31.5 0.0 0.00 0.0 4.0 5:00a W 14 39.0 46.3 12:00m 27.4 6:00a 26.0 0.0 0.01 0.0 7.0 9:00a NNE 15 42.8 47.7 2:00p 33.4 9:30p 22.2 0.0 0.35 0.6 22.0 9:00p WSW 16 34.1 36.9 2:30p 32.7 3:00a 30.9 0.0 0.00 1.8 20.0 1:30a WSW 17 37.6 41.1 4:30p 33.6 1:30a 27.4 0.0 0.39 0.5 21.0 9:30a E 18 37.1 40.8 12:30a 32.8 10:00a 27.9 0.0 0.19 1.1 18.0 12:30p WNW 19 29.3 33.9 12:30a 25.4 8:00a 35.7 0.0 0.00 0.6 18.0 2:00a WSW 20 40.2 50.2 3:30p 27.5 4:00a 24.8 0.0 0.00 0.3 23.0 12:00m S 21 35.1 44.2 12:30a 23.5 12:00m 29.9 0.0 0.00 0.9 20.0 11:30a W 22 26.0 32.1 3:00p 16.3 7:30a 39.0 0.0 0.00 0.7 11.0 10:00p W 23 31.1 32.0 7:00a 30.3 1:30a 9.9 0.0 0.00 1.6 11.0 3:30a SSW 24 25 26 27 28 29 30 ------------------------------------------------------------------------------------- 35.5 50.3 5 13.0 10 653.6 0.0 1.52 0.7 23.0 20 W Max >= 90.0: 0 Max <= 32.0: 2 Min <= 32.0: 14 Min <= 0.0: 0 Max Rain: 0.39 ON 11/17/17 Days of Rain: 6 (>.01 in) 6 (>.1 in) 0 (>1 in) Heat Base: 65.0 Cool Base: 65.0 Method: Integration