2018: Jan | Feb | Mar | Apr | May | Jun | Jul | Aug | Sep | Oct | Nov | Dec 
2017: Jan | Feb | Mar | Apr | May | Jun | Jul | Aug | Sep | Oct | Nov | Dec 
2016: Jan | Feb | Mar | Apr | May | Jun | Jul | Aug | Sep | Oct | Nov | Dec 
2015: Jan | Feb | Mar | Apr | May | Jun | Jul | Aug | Sep | Oct | Nov | Dec 
2014: Jan | Feb | Mar | Apr | May | Jun | Jul | Aug | Sep | Oct | Nov | Dec 
2013: Jan | Feb | Mar | Apr | May | Jun | Jul | Aug | Sep | Oct | Nov | Dec 
2012: Jan | Feb | Mar | Apr | May | Jun | Jul | Aug | Sep | Oct | Nov | Dec 
2011: Jan | Feb | Mar | Apr | May | Jun | Jul | Aug | Sep | Oct | Nov | Dec 
2010: Jan | Feb | Mar | Apr | May | Jun | Jul | Aug | Sep | Oct | Nov | Dec 

Report for 2018 02
MONTHLY CLIMATOLOGICAL SUMMARY for FEB. 2018 NAME: arcturan CITY: Greendale STATE: WI ELEV: 807 ft LAT: 42 56' 28" N LONG: 87 58' 56" W TEMPERATURE (F), RAIN (in), WIND SPEED (mph) HEAT COOL AVG MEAN DEG DEG WIND DOM DAY TEMP HIGH TIME LOW TIME DAYS DAYS RAIN SPEED HIGH TIME DIR ------------------------------------------------------------------------------------ 1 13.3 33.6 12:30a 3.2 12:00m 51.7 0.0 0.00 0.9 24.0 9:30a WSW 2 9.8 17.9 4:00p 0.9 7:30a 55.2 0.0 0.00 0.9 13.0 11:00a WSW 3 26.8 34.9 6:00p 17.4 12:30a 38.2 0.0 0.00 0.0 0.0 --- --- 4 12.0 31.6 12:30a 0.2 12:00m 53.0 0.0 0.00 0.3 19.0 9:00p WSW 5 3.9 11.9 2:00p -8.1 7:30a 61.1 0.0 0.00 1.5 21.0 12:00p SSW 6 11.4 18.3 3:30p 4.4 7:30a 53.6 0.0 0.00 0.4 11.0 12:30a W 7 10.7 17.6 1:30p 1.7 12:00m 54.3 0.0 0.00 0.1 8.0 9:00a W 8 11.7 20.8 2:30p -0.2 2:00a 53.3 0.0 0.00 0.3 8.0 10:00a SSW 9 16.6 20.9 2:30p 10.6 11:00p 48.4 0.0 0.00 0.2 11.0 7:30a WNW 10 14.9 21.0 2:30p 9.5 7:30a 50.1 0.0 0.00 0.3 10.0 5:30a W 11 16.4 24.0 3:30p 13.0 10:30p 48.6 0.0 0.00 0.2 9.0 9:00a WNW 12 13.4 22.0 2:00p 5.5 7:00a 51.6 0.0 0.00 0.0 5.0 5:30a W 13 21.3 34.4 4:00p 6.5 12:30a 43.7 0.0 0.00 0.0 1.0 12:30a NW 14 34.4 45.1 1:30p 21.7 5:30a 30.6 0.0 0.13 0.0 0.0 --- --- 15 39.7 45.3 3:00p 32.5 11:30p 25.3 0.0 0.00 0.2 13.0 11:00p WNW 16 26.3 33.0 1:00a 15.4 12:00m 38.7 0.0 0.00 0.3 10.0 2:00a WNW 17 23.8 31.9 1:30p 14.2 1:00a 41.2 0.0 0.00 2.0 20.0 10:30p S 18 28.9 37.6 3:00p 17.5 7:00a 36.1 0.0 0.00 0.1 6.0 1:30a WSW 19 37.5 42.1 12:00p 35.5 9:30p 27.5 0.0 0.86 0.0 0.0 --- --- 20 40.0 49.4 1:30p 28.5 12:00m 25.0 0.0 0.83 0.2 14.0 9:00p WSW 21 25.2 28.6 12:30a 21.5 7:00a 39.8 0.0 0.00 1.0 16.0 6:00a W 22 27.1 29.9 8:00a 24.3 12:30a 12.6 0.0 0.00 1.2 7.0 1:30a NNW 23 24 25 26 27 28 ------------------------------------------------------------------------------------- 21.1 49.4 20 -8.1 5 939.6 0.0 1.82 0.5 24.0 1 WSW Max >= 90.0: 0 Max <= 32.0: 13 Min <= 32.0: 20 Min <= 0.0: 2 Max Rain: 0.86 ON 02/19/18 Days of Rain: 3 (>.01 in) 3 (>.1 in) 0 (>1 in) Heat Base: 65.0 Cool Base: 65.0 Method: Integration